36*w, 2*w = k - 288. Suppose d = 4*r - n - k, r - 3*n - 90 + 8 = 0. What is the tens digit of r?
7
Suppose -3*t = 149 + 7. Let k = 100 + t. Suppose k = 3*g + 3*i, -3*g = -0*g + i - 46. What is the units digit of g?
5
Let s(i) = 190*i**3 + 5*i**2 + 276*i - 2002. What is the hundreds digit of s(7)?
3
Let k = -3057 + 4112. What is the units digit of k?
5
Let i = 252 + -180. Suppose i = 17*m - 16*m. Suppose -m = -67*b + 66*b. What is the units digit of b?
2
Let w = -604 + 737. Suppose w*q - 150*q = -12444. What is the units digit of q?
2
Let i be (-31 - -27)*(-1)/4. What is the tens digit of -6*i*1/((-8)/1056)?
9
Let f be (-4)/((-4)/1)*4 + -98. Let w = 94 + f. Suppose -1155 = -5*r - w*r. What is the hundreds digit of r?
2
Let y = 114 + -115. Let j(a) = 9*a**2 - 4*a - 4. Let c be j(y). Let z(t) = -2*t**3 + 21*t**2 - 20*t + 3. What is the units digit of z(c)?
6
Let w = 11 - 1. What is the hundreds digit of -1 + (-3)/(-2) + 2365/w?
2
Suppose -194*l + 180*l = -30996. What is the units digit of l?
4
Let p = -19 - -59. Let j(h) = -4*h - 2. Let l be j(-2). Suppose l - p = -2*k. What is the tens digit of k?
1
Let n be (-8)/12*(-27)/(-18). What is the hundreds digit of (n/3)/((-4)/6780)?
5
Suppose 66*c - 134841 = 59*c. What is the tens digit of c?
6
Let g(q) be the third derivative of -q**5/60 - 19*q**4/24 + 13*q**3/6 - q**2. Suppose 5*b - 1672 = -1762. What is the units digit of g(b)?
1
Let k(f) = 32*f - 18. Let g be k(15). What is the units digit of 0 - (-2)/11 - (-93240)/g?
2
Let c = 6531 - -3121. What is the hundreds digit of c?
6
Suppose 6*h + 4*x - 9342 = 0, 2*h - 41*x = -36*x + 3076. What is the tens digit of h?
5
Let d be (-7)/(5/(-5)) - -373. Let g = d + 19. What is the units digit of g?
9
Suppose t + 3*f + 25 = -4*t, 3*t + 15 = -f. Let g(x) = -8*x**3 - 4*x**2 + 15*x - 2. What is the units digit of g(t)?
3
Let o = 5 - -3. Let q(s) = 9*s**2 + 212*s - o*s**3 + 1 + 9*s**3 - 235*s. What is the tens digit of q(-11)?
1
Suppose 377 = 2*n - 179. Let f = -66 + n. What is the units digit of -1 + (f/(-4))/(-1) + -2?
0
Suppose -65*s + 55*s + 36*s - 415870 = 0. What is the tens digit of s?
9
Suppose -h + 6*h - 6857 = -4*g, -3*g = h - 5129. Suppose -9*d - 7 + g = 0. What is the tens digit of d?
8
Suppose -3*g = 3*q - 3348, 18*g = 23*g + 20. What is the tens digit of q?
2
Let v = -3854 - -8350. What is the tens digit of v?
9
Let v be 1*(-65)/15*-51. Let z = v + -102. What is the tens digit of z?
1
Let n = 149785 + -66488. What is the hundreds digit of n?
2
Suppose 6*x - 2*x - 12 = 0. Suppose -4*q - x*b + 1 = -5, 5*q - 4*b - 23 = 0. Suppose q*f = 286 + 182. What is the tens digit of f?
5
Let g(t) = t + 8. Let d be g(-3). Suppose 4*b = -d*b + 6480. Let v = b + -475. What is the tens digit of v?
4
Suppose -4*s + 24472 = d, 4*d - 3*s - 41074 = 56757. What is the tens digit of d?
6
Let m be 92/(-6)*21/(-2). Let o be (-4)/6 + (-8388)/(-27). Suppose 3*t + 2*b - m = 0, -b + 6*b + o = 5*t. What is the units digit of t?
7
Let f(s) = 33*s**3 + 4*s**2 - 2*s - 7. Let c be f(3). Suppose 7*o = 815 + c. What is the units digit of o?
7
Let n be -1 + (0 + 5)*48/(-80). What is the hundreds digit of ((-2)/n)/(5/2110)?
2
Let h = -56689 + 109727. What is the thousands digit of h?
3
Let x = 22760 + -10087. What is the tens digit of x?
7
Suppose 2*j = 3*j - 62. Suppose -3*n = -s - 529, 5*s + j = n - 91. Let y = n - 85. What is the units digit of y?
3
Let m(p) = -p**2 - 9*p - 9. Let z be m(-8). Let n be (z - -2)/(-2 - -1) - -6. Suppose -46 - 60 = -3*g + n*s, -136 = -4*g + 4*s. What is the tens digit of g?
3
Let r = -85 - -166. Let v be ((-26)/36 - (-18)/r)*0. Suppose 0*l = l + 5*a - 137, -5*l + 4*a + 569 = v. What is the units digit of l?
7
Let u(q) = -45*q**3 - 48*q**3 + 92*q**3 - 16 + 16*q**2 + 3*q. What is the tens digit of u(13)?
3
Let z(o) = 65*o**2 + 7*o + 6. Let k(t) = 130*t**2 + 13*t + 13. Let d(h) = -4*k(h) + 9*z(h). Let i be 24/18*(-6)/4. What is the tens digit of d(i)?
4
Suppose -15*h - 9*h = 14808. Let n = 1104 + h. What is the hundreds digit of n?
4
Let p be (21/14)/((-6)/(-8)). Suppose -p*l = i - l + 1, -5*i - 3*l = -5. Suppose 4*f = 2*a - i*a + 508, -f + 127 = -2*a. What is the hundreds digit of f?
1
Let m be (26/3)/(16/(-48)). Suppose -x + 360 = -5*x. Let a = m - x. What is the units digit of a?
4
Suppose 1343 = 8*x - 7577. Let c = x - 643. Suppose -103 = -i + 4*y + 31, -3*i = 2*y - c. What is the tens digit of i?
5
Suppose 0 = 5*x + 4*w + 233, 5*x = -16*w + 13*w - 231. Suppose 8*m = 3*m - 5*d - 280, 3*m = -5*d - 172. Let q = x - m. What is the units digit of q?
9
Let j(z) = z**3 - 7*z**2 + z - 8. Let n be j(7). Let q be (-1 + n)*18/(-12). Suppose -7*o + q*o + 312 = 0. What is the tens digit of o?
7
Let p(j) = -j + 14. Let z be p(-8). Suppose -z + 21 = x. What is the units digit of x*4 - (-56 - 11)?
3
Let h be 2*(-6 - -5)*(-1 - -18). What is the hundreds digit of 1*-22*629/h?
4
Suppose 0 = 240*r - 43*r + 286*r - 45866646. What is the tens digit of r?
6
Let s = -198 + 342. Suppose -9*i + 873 = s. What is the units digit of i?
1
Let t = -128 + 125. What is the tens digit of 10/t*342/(-10)?
1
Let v(o) be the second derivative of 0 - 2*o**2 + 23*o - 23/6*o**3. What is the tens digit of v(-2)?
4
Suppose 3*b - 2*d = -0*d - 9, -2*b = -3*d + 1. Let a be (-1171)/b - (-3)/(-15). Let r = a + -118. What is the units digit of r?
6
Suppose -8*b - 35 = -4*q - 3*b, 4*q = 2*b + 26. Suppose 4*m - 5*x = 3*m + 506, -q = -x. What is the units digit of m?
1
Suppose 0*w - 3*w + 1 = -u, w = u - 7. Let s = u - 9. What is the units digit of 1/(s*3/258)?
3
Let h(a) = -570*a**3 - a**2. Let d be h(-1). Suppose 169 = -5*c + d. What is the units digit of (5/(c/212))/((-3)/(-12))?
3
Let p(c) = -c. Let w be p(-1). Let h(m) = 28*m + w + 9 - 2 - 7*m. What is the units digit of h(5)?
3
Let o be ((-8)/(-6))/((-633)/(-315) + -2). Suppose -o + 142 = 2*k. What is the tens digit of (-48)/(-10)*k*30/1?
4
Let m = 0 - -18. Suppose 450 = -16*p + m*p. What is the hundreds digit of p?
2
Let x(l) = 4*l**3 + 3*l**2 - 2*l - 2. Let u be x(-3). Suppose 4*y = -86*m + 83*m - 299, 2*m = -y - 211. Let d = u - m. What is the units digit of d?
2
What is the ten thousands digit of 4890627/441 - (-16)/14?
1
Let s(a) = -a + 1. Let c(l) = 23*l. Let y(z) = 3*z - 11. Let b be y(5). Let n(r) = b*s(r) + c(r). What is the units digit of n(6)?
8
Suppose -25031 = -v - 2*i, -4*i = v - 27605 + 2568. What is the hundreds digit of v?
0
Suppose 3*k = 8*k - 5. Suppose 3*o = b - 150, k = -b + 2*o + 150. What is the units digit of b?
7
Let m = 39 - 38. Let l(r) = -2*r**2 + 4*r - 3. Let q be l(m). What is the tens digit of (-10 + 11)/((3 + q)/116)?
5
Suppose 7*o - 5708 = 10000. Suppose -244*x + 246*x = o. What is the units digit of x?
2
Let t be 9/(2 - 36/16). Let n = 34 + t. What is the tens digit of (97/n)/(1/(-2))?
9
Suppose 180*r + 7*r - 17*r = 8537060. What is the ten thousands digit of r?
5
Let u = 45868 + -25201. What is the units digit of u?
7
Let b(x) = -74*x**3 + x**2 + x + 2. What is the units digit of b(-4)?
0
Let h(x) = 78*x**2 - 17*x - 50. What is the tens digit of h(11)?
0
Suppose -5*b + 4*w - 5*w = -171, 3*w = 4*b - 133. Let c(p) = p**2 + p**3 - 6*p**2 + 47*p - 15 - b*p - 3*p**2. What is the hundreds digit of c(9)?
1
Suppose 139 = -4*x - 141. Let i = 174 + x. What is the tens digit of i + -1*(-4 + 1)?
0
Let c(x) = x**3 + 10*x**2 - 13*x + 24. Let a be c(-11). Let t = -44 + a. Suppose -78 = -3*i + t*w, w - 6 = -w. What is the tens digit of i?
2
Let s(w) = -445*w + 2690. Let b be s(6). Suppose 4*d - 255 - 145 = 0. Let m = b + d. What is the units digit of m?
0
Let t(w) = 4 - 4*w**3 + 7*w**2 + 2*w + 6*w + 3*w**3 - 6. What is the hundreds digit of t(-5)?
2
Let z be 158/(-4) + (-5)/(-10) - 0. Let i = z + 42. Suppose i*a = -105 + 246. What is the units digit of a?
7
Suppose 4 = -7*n + 3*n - 3*l, 10 = -3*n - 4*l. Suppose 3*d + 1821 = 5*z, -4*z - n*d + 1450 = -d. What is the units digit of z?
3
Suppose -78*a - 1569877 - 3868151 = -322*a. What is the hundreds digit of a?
2
Let r(t) = -17 - 20 - 15 + 57 - 15*t. Let a = -3 + 0. What is the units digit of r(a)?
0
Let m = -2503 - -2495. Let s(d) = 53 - 6*d + 2*d - 8*d. What is the units digit of s(m)?
9
Suppose 25*o - 29*o = 5*a - 144111, -4*o + 86473 = 3*a. What is the units digit of a?
9
